3229 prime?
True
Is 2501120197 composite?
False
Is 52400516351 a prime number?
True
Is 89122760123 composite?
True
Is 144028939 a composite number?
False
Is 92026759 a prime number?
False
Is 4885065433 prime?
False
Is 2640244049 a composite number?
False
Is 91968193477 a composite number?
False
Is 3820009351 a prime number?
False
Is 556803601513 a composite number?
False
Is 1648011061 prime?
True
Is 164067959 a composite number?
True
Is 6854069531 prime?
True
Is 15451446331 prime?
False
Is 20437695077 a prime number?
False
Is 1089023123 composite?
False
Is 104350572563 a prime number?
False
Is 435332747 prime?
False
Is 1285118929 composite?
False
Is 244512517 a composite number?
True
Is 1314579319 prime?
True
Is 8179655453 a prime number?
False
Is 1608784085 a composite number?
True
Is 1207491203 a composite number?
False
Is 208901727187 a composite number?
False
Is 725625487 a composite number?
True
Is 867654223 prime?
False
Is 12067496309 prime?
False
Is 600189169 composite?
False
Is 4361725039 composite?
True
Is 4209159667 prime?
False
Is 5318468359 a composite number?
False
Is 694014833 a prime number?
False
Is 6573567821 a prime number?
True
Is 197235083 prime?
True
Is 448875787 a composite number?
True
Is 23407558469 prime?
True
Is 1290384419 composite?
False
Is 54965396897 composite?
True
Is 105534901 prime?
True
Is 1910351959 composite?
False
Is 2383410037 a prime number?
False
Is 8515561657 prime?
True
Is 4753665269 composite?
False
Is 1405517623 composite?
True
Is 41483947 a prime number?
False
Is 28940380991 a prime number?
False
Is 177222738351 a prime number?
False
Is 42543653419 composite?
True
Is 81216353 composite?
False
Is 5656265051 prime?
True
Is 139135718921 a prime number?
False
Is 3515963519 a composite number?
False
Is 1169202767 composite?
True
Is 368403671 a composite number?
True
Is 4228675873 prime?
True
Is 17327102818 a composite number?
True
Is 379700837 a composite number?
True
Is 700435871 composite?
True
Is 2719389599 composite?
True
Is 4449145039 a composite number?
False
Is 452455613 a composite number?
True
Is 16843826413 composite?
True
Is 13785592673 a prime number?
True
Is 32623925387 composite?
False
Is 27708430093 a composite number?
True
Is 10152370247 a prime number?
True
Is 46491316453 prime?
False
Is 717314641 a prime number?
True
Is 669845643 a prime number?
False
Is 1598233057 a composite number?
False
Is 12447832451 prime?
True
Is 593119473 prime?
False
Is 2298630667 composite?
False
Is 22282555 a composite number?
True
Is 467359889 composite?
False
Is 1537115627 a prime number?
True
Is 20298605597 a composite number?
True
Is 20122660259 composite?
True
Is 343294151 a prime number?
True
Is 1072281233 a prime number?
False
Is 10397000171 a composite number?
False
Is 18279561473 prime?
True
Is 405401476213 prime?
True
Is 760774897 a prime number?
False
Is 56327991593 prime?
True
Is 30110552909 composite?
False
Is 8208790253 prime?
True
Is 14766600743 composite?
False
Is 2362499003 prime?
False
Is 36089391983 a composite number?
False
Is 4119055423 a prime number?
False
Is 224371867 prime?
False
Is 13434567251 a prime number?
False
Is 22201223815 a composite number?
True
Is 2099668517 a prime number?
True
Is 1040205373 composite?
False
Is 335936603 composite?
False
Is 1051707211 a composite number?
True
Is 5847332009 a prime number?
True
Is 2113484119 prime?
True
Is 1251000701 a prime number?
True
Is 154449627119 a composite number?
True
Is 3495672241 a composite number?
True
Is 274283591 a prime number?
True
Is 360774829 a prime number?
True
Is 60786359797 a composite number?
True
Is 2599635859 composite?
True
Is 2881434047 composite?
True
Is 373670413 a prime number?
True
Is 1549256231 composite?
True
Is 8810256841 prime?
True
Is 1539631181 a composite number?
True
Is 1764864713 a composite number?
False
Is 894996793 composite?
True
Is 1009978219 composite?
True
Is 779388983 prime?
True
Is 3561560569 prime?
False
Is 8400687821 a prime number?
True
Is 183386851 composite?
True
Is 8976078031 composite?
False
Is 37829864647 a prime number?
True
Is 8466203021 composite?
True
Is 1520035651 a composite number?
False
Is 1643027941 a composite number?
False
Is 706510111 prime?
False
Is 680188907 prime?
True
Is 652536413 a prime number?
False
Is 261725185939 a composite number?
True
Is 724439981 a prime number?
False
Is 23697426637 a composite number?
False
Is 1729885561 composite?
True
Is 49290833 a prime number?
True
Is 4465981727 composite?
False
Is 15004058183 prime?
True
Is 548285386823 a composite number?
True
Is 70638659789 a prime number?
True
Is 772559461 prime?
False
Is 2050167323 a prime number?
True
Is 62358425963 composite?
True
Is 675877757 a composite number?
True
Is 153449060521 composite?
False
Is 14565596303 prime?
True
Is 1956433093 a composite number?
False
Is 2461080521 prime?
True
Is 4292023009 a composite number?
True
Is 346395611 a composite number?
False
Is 10467254957 prime?
True
Is 15470370863 a composite number?
False
Is 39836231 a composite number?
True
Is 308257363 composite?
True
Is 2307795149 prime?
False
Is 343492453 prime?
True
Is 10535608553 a prime number?
True
Is 4456562897 a prime number?
True
Is 1356484687 a prime number?
False
Is 10365316073 a composite number?
True
Is 674654207 prime?
True
Is 508390261 a prime number?
True
Is 13193169911 composite?
False
Is 1223802323 a composite number?
False
Is 4100212169 a composite number?
True
Is 819144847 a composite number?
True
Is 58952827 prime?
False
Is 24046319 a prime number?
False
Is 153645143 a prime number?
True
Is 3802841941 composite?
False
Is 68202269 a prime number?
True
Is 866465839 prime?
False
Is 204486263 prime?
False
Is 254364109 a prime number?
False
Is 8618083157 a composite number?
False
Is 60126188491 a composite number?
True
Is 60017772871 a composite number?
True
Is 4819595371 a prime number?
False
Is 13592946049 prime?
False
Is 1459145027 a composite number?
True
Is 140504912417 a composite number?
False
Is 42771845123 prime?
False
Is 585024007 composite?
False
Is 90025043501 prime?
True
Is 1541246711 composite?
False
Is 484262137 composite?
False
Is 1771951937 prime?
False
Is 801027547 a composite number?
False
Is 1943545843 a prime number?
False
Is 2517069829 prime?
False
Is 32836814609 a composite number?
False
Is 70589218987 composite?
True
Is 3127703113 prime?
True
Is 7374015851 prime?
True
Is 531943957 prime?
False
Is 49525026409 a prime number?
True
Is 3415650157 composite?
False
Is 2292105019 a composite number?
True
Is 329144297 a prime number?
False
Is 2449424741 prime?
False
Is 6367748333 a composite number?
True
Is 229424621 prime?
True
Is 824910937 prime?
False
Is 40736241157 prime?
True
Is 9575462011 prime?
True
Is 147143762329 a prime number?
True
Is 20475006221 prime?
True
Is 15351311821 a composite number?
True
Is 33988405918 a prime number?
False
Is 10155726893 a composite number?
True
Is 814004059 a composite number?
True
Is 14500410359 a prime number?
True
Is 31515667349 a composite number?
True
Is 9022669423 composite?
True
Is 48345258179 composite?
False
Is 1874761969 a composite number?
True
Is 1217874083 a composite number?
False
Is 14064563 a prime number?
True
Is 5404906559 a composite number?
True
Is 26097599563 prime?
False
Is 39414753461 prime?
True
Is 51961603 a prime number?
True
Is 30577286419 composite?
True
Is 266210129 a prime number?
True
Is 4445539993 a prime number?
False
Is 155269491563 a composite number?
False
Is 3796320679 prime?
True
Is 709747663 a prime number?
False
Is 66666508427 prime?
True
Is 1506291151 composite?
False
Is 31611282359 composite?
True
Is 139027079 prime?
True
Is 8886100983 prime?
False
Is 6051216049 a composite number?
False
Is 194973766937 a prime number?
True
Is 5327490079 a composite number?
False
Is 1051330759 a prime number?
False
Is 54591426401 a prime number?
True
Is 1016753443 prime?
True
Is 576064999 composite?
False
Is 1801552219 a composite number?
True
Is 4130932483 a prime number?
False
Is 2941693961 a composite number?
True
Is 6083427709 a prime number?
False
Is 19523502211 a composite number?
False
Is 782779307 prime?
True
Is 99107101 composite?
True
Is 1516522619 prime?
False
Is 13947771581 prime?
False
Is 125980444561 